99820 a multiple of 1220?
True
Is 182 a factor of 194139925?
False
Does 1781 divide 174982615?
False
Does 20 divide 130140538?
False
Is 7 a factor of 125161547?
True
Is 4512395 a multiple of 59?
False
Is 18169060 a multiple of 871?
True
Does 122 divide 949342390?
True
Is 9910660 a multiple of 7004?
True
Is 1852 a factor of 23236694?
False
Is 95 a factor of 1728731150?
True
Is 371950490 a multiple of 62?
False
Is 443659230 a multiple of 555?
True
Is 94700344 a multiple of 15?
False
Does 2 divide 122379673?
False
Is 55 a factor of 343955521?
False
Is 470623907 a multiple of 137?
True
Is 153 a factor of 2197845?
True
Is 431 a factor of 43034057?
True
Is 23 a factor of 728502412?
False
Is 597065120 a multiple of 80?
True
Is 34469101 a multiple of 135?
False
Is 196804062 a multiple of 14?
True
Does 40 divide 76293680?
True
Does 7 divide 2922523?
False
Does 97 divide 78652741?
True
Does 27 divide 85304988?
True
Is 49266285 a multiple of 2809?
False
Is 68750040 a multiple of 4020?
True
Is 15 a factor of 615061787?
False
Is 9 a factor of 239016303?
True
Is 41537400 a multiple of 331?
False
Does 306 divide 6314616?
True
Is 11 a factor of 346615665?
True
Does 127 divide 1325036530?
False
Is 1141784842 a multiple of 790?
False
Does 152 divide 26260164?
False
Is 25 a factor of 602047750?
True
Does 2208 divide 333569184?
True
Is 49201723 a multiple of 11?
False
Does 37 divide 21429106?
False
Is 32 a factor of 89084800?
True
Does 32 divide 1790854770?
False
Is 20895615 a multiple of 897?
True
Is 7189261 even?
False
Is 493803842 a multiple of 14?
True
Is 67 a factor of 255194342?
False
Does 4768 divide 2020049024?
True
Is 3 a factor of 10998175?
False
Is 221012606 a multiple of 1278?
False
Is 4 a factor of 10180836?
True
Is 352 a factor of 354177120?
True
Is 12 a factor of 43393560?
True
Is 133869870 a multiple of 79?
False
Is 359581538 a multiple of 173?
True
Does 5 divide 279681757?
False
Is 82 a factor of 20089098?
True
Is 674271025 a multiple of 71?
True
Is 101980684 a multiple of 69?
False
Is 59250100 a multiple of 52?
True
Does 80 divide 30670400?
True
Is 2309069 a multiple of 26?
False
Does 928 divide 118357120?
True
Is 3432747195 a multiple of 7155?
True
Is 30503256 a multiple of 7?
True
Is 79967818 a multiple of 7?
True
Is 2375 a factor of 438921977?
False
Is 102490849 a multiple of 147?
False
Is 329334176 a multiple of 16?
True
Is 97 a factor of 152582164?
True
Is 79330682 a multiple of 77?
False
Does 380 divide 40806300?
True
Does 19 divide 422032788?
True
Does 335 divide 356449380?
True
Is 85748436 a multiple of 3?
True
Is 11 a factor of 7056024?
False
Is 12285875 a multiple of 35?
True
Is 26 a factor of 336305554?
True
Is 1812723895 a multiple of 5165?
True
Is 13 a factor of 88974948?
False
Is 13989673 a multiple of 4?
False
Is 359131283 a multiple of 7?
True
Is 93 a factor of 7461247?
False
Does 28 divide 125362356?
True
Is 29240250 a multiple of 250?
True
Does 15 divide 54477840?
True
Is 7316460 a multiple of 15?
True
Is 12 a factor of 43718091?
False
Is 83 a factor of 67958602?
False
Does 120 divide 1101064791?
False
Is 378 a factor of 413289324?
True
Is 2223697161 a multiple of 2947?
True
Is 92470597 a multiple of 504?
False
Is 7010276 a multiple of 1685?
False
Does 81 divide 188131410?
True
Is 543 a factor of 34662716?
False
Is 1134 a factor of 816208974?
True
Is 15 a factor of 119982270?
True
Is 41 a factor of 64382710?
True
Is 749617329 a multiple of 6?
False
Does 83 divide 24719309?
True
Does 20 divide 42912157?
False
Is 411 a factor of 36618683?
False
Is 19 a factor of 206217583?
True
Is 374 a factor of 21895456?
True
Does 25 divide 1449991920?
False
Is 672592770 a multiple of 30?
True
Does 25 divide 450672869?
False
Does 6538 divide 2137926?
True
Does 2 divide 89147292?
True
Is 29 a factor of 5691829?
False
Does 106 divide 26310349?
False
Is 139529072 a multiple of 784?
False
Does 4 divide 947400?
True
Does 393 divide 9211008?
False
Is 49 a factor of 82755665?
False
Does 10 divide 18543390?
True
Is 142428744 a multiple of 47?
False
Is 425 a factor of 6770792?
False
Does 401 divide 475972564?
True
Is 8 a factor of 25643195?
False
Is 50633121 a multiple of 1991?
True
Is 32 a factor of 9554101?
False
Is 1705 a factor of 434773528?
False
Is 23655760 a multiple of 394?
True
Is 19655689 a multiple of 792?
False
Does 2029 divide 1300633638?
True
Is 25201694 a multiple of 9?
False
Does 52 divide 30036448?
True
Does 108 divide 740914560?
True
Is 186645266 a multiple of 1294?
True
Is 55 a factor of 494896196?
False
Is 2 a factor of 186136028?
True
Is 130 a factor of 24056515?
False
Does 324 divide 235561932?
True
Is 948207843 a multiple of 407?
True
Is 4474 a factor of 42420266?
False
Is 165156113 a multiple of 57?
False
Does 282 divide 35162743?
False
Does 30 divide 14608510?
False
Is 3137 a factor of 290683831?
True
Does 2 divide 3642138?
True
Is 236 a factor of 1236261546?
False
Is 6 a factor of 22399?
False
Does 238 divide 92699031?
False
Does 340 divide 1741567380?
True
Is 73 a factor of 815653455?
True
Is 19607168 a multiple of 78?
False
Is 99146976 a multiple of 2472?
True
Is 13816180 a multiple of 145?
True
Is 1118 a factor of 565756217?
False
Is 1037 a factor of 3027315137?
True
Does 84 divide 115833144?
True
Is 33 a factor of 341611720?
False
Does 713 divide 450982482?
True
Is 21235522 a multiple of 596?
False
Is 33317 a multiple of 4?
False
Is 1319088006 a multiple of 4731?
False
Does 590 divide 294889577?
False
Is 11311129 a multiple of 16?
False
Is 1178369025 a multiple of 1853?
True
Is 589399290 a multiple of 30?
True
Is 14 a factor of 389790870?
True
Does 707 divide 9287965?
False
Is 47 a factor of 537475973?
True
Does 104 divide 771842240?
True
Is 275815308 a multiple of 54?
False
Is 419027745 a multiple of 436?
False
Is 9316494 a multiple of 6?
True
Is 14420924 a multiple of 441?
False
Is 231046467 a multiple of 483?
False
Does 12 divide 1844838324?
True
Does 39 divide 21992685?
True
Is 9704628 a multiple of 41?
False
Is 16932000 a multiple of 1411?
True
Does 2977 divide 672281025?
True
Does 432 divide 1786578942?
False
Is 32 a factor of 461921440?
True
Is 4273 a factor of 962338035?
False
Is 775482557 a multiple of 2239?
False
Does 85 divide 499587148?
False
Is 109007502 a multiple of 2732?
False
Does 654 divide 247640370?
True
Does 226 divide 1468925490?
False
Is 86694834 a multiple of 213?
True
Does 16 divide 354742098?
False
Is 32 a factor of 16991872?
True
Does 5 divide 200459946?
False
Is 161 a factor of 122522932?
True
Is 356 a factor of 16772940?
True
Does 5593 divide 298844954?
False
Is 2057 a factor of 13136823?
False
Is 53084812 a multiple of 187?
True
Is 41733440 a multiple of 3472?
True
Is 62323491 a multiple of 3?
True
Is 323 a factor of 23262137?
True
Does 156 divide 292238232?
True
Is 3746 a factor of 904311192?
False
Does 3 divide 154999771?
False
Is 170671313 a multiple of 107?
True
Does 102 divide 310942920?
True
Is 58631070 a multiple of 3?
True
Is 42 a factor of 75691896?
True
Is 33 a factor of 4575236193?
True
Is 7251435237 a multiple of 660?
False
Does 32 divide 1761015111?
False
Is 47 a factor of 16799?
False
Is 188402670 a multiple of 3230?
True
Is 62382690 a multiple of 287?
False
Does 14 divide 207993305?
False
Is 6175858 a multiple of 41?
False
Does 5 divide 1086019259?
False
Is 257 a factor of 13735833?
False
Is 1221 a factor of 108920621?
False
Is 378655953 a multiple of 4030?
False
Is 30 a factor of 24678900?
True
Is 116732192 a multiple of 29?
True
Is 41665800 a multiple of 11?
True
Is 8932924 a multiple of 143?
True
Does 91 divide 2166536754?
False
Is 115261480 a multiple of 3790?
True
Is 65 a factor of 16244504?
False
Is 1730230280 a multiple of 5?
True
Is 2143 a factor of 30638471?
True
Is 553742962 a multiple of 37?
True
Does 586 divide 267255848?
True
Is 30733060 a multiple of 142?
True
Does 92 divide 310262408?
False
Is 716040 a multiple of 234?
True
Is 66715854 a multiple of 34?
True
Is 14 a factor of 2328038?
False
Is 204521460 a multiple of 726?
True
Is 331 a factor of 1803334188?
False
Does 2073 divide 2011526005?
False
Is 750 a factor of 56193750?
True
Is 19 a factor of 1021444099?
False
Is 816 a factor of 157666407?
False
Is 85316471 a multiple of 9?
False
Is 909522848 a multiple 